3/3 - 5*j**2/2 + 3*j - 27. Give z(o).
9
Suppose -b + 1 + 0 = 0. Let c = b - 1. Let z(f) = 4736*f - 4735*f - 2*f**2 - 2 + 3*f**2. Give z(c).
-2
Let z = 1 + -7. Let d(o) = -7*o - 11. Let j(l) = 4*l + 3. Let r be j(-2). Let h(t) = -t - 1. Let n(u) = r*h(u) + d(u). Give n(z).
6
Suppose 0*k + 5*k - 3*o = -36, 3*k = -2*o - 14. Let f be (-13)/(-13)*6*1. Let l(w) = f*w - 2*w - w**3 + w - 8 - 5*w**2. Give l(k).
-2
Let v = 2 - -3. Suppose 0 = -v*i + 5*b + 100, -b + 35 = 2*i - 2*b. Let g = i + -11. Let u(h) = h**2 - 6*h + 2. What is u(g)?
-6
Let h(u) = u**2 - 11*u + 22. Let j be h(9). Let z(i) = -1 - 9*i + 13*i - 3*i. Determine z(j).
3
Let j be 2 + 40/(0 + 2). Let p = 8 + j. Let m = p + -23. Let u(q) = q**3 - 6*q**2 - 6*q + 2. Calculate u(m).
9
Let f be 1/(-2) + (-3)/(-2). Let w(u) = 2*u**2 - 37*u - 18. Let g be w(19). Let l(j) = 2 - 5*j - g + 7*j**2 + 4*j. Give l(f).
7
Suppose -l = -3*l + 186. Let y(v) = -4 - 181*v + 87*v + l*v. Determine y(-3).
-1
Let g be (156/9)/1*-3. Let v be 8/28 + g/(-14). Let b(m) = 4*m**3 - 5*m**2 + m - 4. Let t(k) = 5*k**3 - 5*k**2 - 5. Let w(d) = 4*b(d) - 3*t(d). What is w(v)?
-1
Let o be (-33)/(-9) - (-4)/12. Suppose -f = -o*g + 28, -3*g + 7*g + 5*f = 4. Let q(c) = 3*c - 1. What is q(g)?
17
Suppose -100*q + 96*q + 4 = 0. Let m = 0 - 0. Let l(c) = -q + 5 + c - 3 + m. Give l(4).
5
Let k(f) = -f**2 - 2*f + 18. Let h(j) = j + 1. Let z(p) = -4*h(p) + k(p). Let a be z(-7). Let x(n) = 1 - 7*n**2 + 2*n**3 + 1 - n**3 - 4. Determine x(a).
-2
Suppose -5*x + 3*a - 7 = 0, 3*x + 4*a + 6 = 2*x. Let d(n) be the second derivative of n**4/4 - n**3/3 + 858*n. Determine d(x).
16
Let q(c) = -c**3 + 3*c**2 + c - 3. Let x be (14 - (-456)/(-30))*(-20)/6. Determine q(x).
-15
Let m(g) = -1 + 0*g + 13*g - 4*g**3 + 12*g**2 + 3*g**3. Let u be m(13). Let j(w) be the third derivative of w**5/4 + w**4/24 + w**3/6 + 8*w**2. Determine j(u).
15
Let t(b) = -221*b - 3 + 433*b - 218*b. Give t(-4).
21
Let b(w) = 8*w + 1. Suppose -5*p + 12 + 3 = -2*x, 5*x = p - 26. Give b(p).
9
Let b(a) be the first derivative of -a**2/2 + 11*a + 407. What is b(10)?
1
Let v(m) = -m**3 + 2*m. Let d(g) = -5*g + 28. Let k be d(7). Let r(w) = 6*w + 44. Let y be r(k). Give v(y).
-4
Let x(u) be the first derivative of -2 - 1/120*u**6 + 0*u**3 + 1/15*u**5 + 1/24*u**4 + 0*u - 3*u**2. Let g(y) be the second derivative of x(y). Give g(4).
4
Suppose 2*a - 63*o = -64*o - 10, -4*o = 8. Let t(y) = -y**3 - 4*y**2 + 3*y + 1. Determine t(a).
-11
Let u = 22 - 22. Suppose u = -0*z + z + 2. Let v(k) = -2*k - 1. Calculate v(z).
3
Suppose -5*c - 15 = -5. Let z(b) = -3 - 3*b**2 + 28*b + 7*b**2 + 7 + b**2. Let h(k) = -k**2 - 7*k - 1. Let d(v) = c*z(v) - 9*h(v). Give d(6).
7
Let y(k) be the first derivative of k**4/4 + 4*k**3 + 7*k**2/2 + 3*k + 721. Give y(-11).
47
Let c(k) be the second derivative of -k**5/60 - k**4/3 - 3*k**3 - 4*k. Let w(d) be the second derivative of c(d). Calculate w(-7).
6
Let p(c) = -4*c**2 - 65*c - 31. Let a be p(-16). Let s(o) = -o - 2. Determine s(a).
13
Let x(q) = -8*q**2 + 6 + 3*q**2 + 4*q**2 - q**3 + 2*q**2. What is x(0)?
6
Let p = -12 - -14. Let j(r) = 10*r**3 + 10*r**2 + 7*r - 18. Let d(a) = 3*a**3 + 3*a**2 + 2*a - 6. Let n(k) = p*j(k) - 7*d(k). Suppose 0*q = 4*q. Give n(q).
6
Suppose -49*a - 210 = -7*a. Let m(n) = 4*n - 5. Determine m(a).
-25
Let q = 30 - 39. Let c(v) = v**3 + 10*v**2 + 10*v + 4. Let f be c(q). Let m(u) = -u**2 - 6*u - 2. Determine m(f).
3
Let a(h) be the third derivative of -h**4/8 - 17*h**3/3 - 9*h**2. Let u be a(-11). Let q(t) = -3*t**2 - 12*t**2 - 1 + 2*t**2. Give q(u).
-14
Let z(r) = -r**3 + 5*r**2 - 5*r - 1. Suppose -4*y = -n + 12, 0 = 18*n - 22*n - 2*y + 12. Calculate z(n).
-5
Let q(z) = z**2 - z. Suppose -53 = -24*x - 5. Give q(x).
2
Let k(v) = -v**2 + 74*v - 123*v - 1 + 57*v. Give k(8).
-1
Let c(y) = 3*y. Let i(a) = -3*a**2 + 3*a - 4. Let t be i(1). Give c(t).
-12
Let r(k) = -2*k + 2. Suppose -3*h = -5*p + 5, 5*h - 2*p + 3 = 1. Suppose h = 8*o - 3*o - 20. What is r(o)?
-6
Let m(b) = -b**3 - 3*b**2 + 2*b + 2. Suppose -2*x = -138 + 144. Calculate m(x).
-4
Let k(b) = -b**2 + 5*b - 3. Let g(q) = -5*q**3 + 5*q + 6. Let t be g(-1). What is k(t)?
-9
Let a(h) be the first derivative of 4/3*h**3 + 0*h + 1/120*h**5 + 1/3*h**4 + 0*h**2 + 4. Let l(q) be the third derivative of a(q). What is l(-6)?
2
Let a(l) = -l**3 - 3*l**2 - l + 2. Let m(s) = -s**3 + s**2 + 9*s + 13. Let o be m(-2). Suppose -4*i + o = 19. Calculate a(i).
5
Let n(i) = -2*i - 36. Let c(x) = x + 18. Let j(b) = 5*c(b) + 2*n(b). What is j(-5)?
13
Let q(g) = -4*g - 6. Let l be ((-10)/50)/(1/(-5)). Let p(c) = c + 1. Let x(s) = -3*s - 3. Let z(a) = -11*p(a) - 4*x(a). Let f(j) = l*q(j) + 5*z(j). Give f(0).
-1
Let z = -55 - -46. Let j = 10 + z. Let x(b) = -13*b + 1. Determine x(j).
-12
Let l(x) = -2*x - 3. Let y = -31 - -73. Let c = 38 - y. Determine l(c).
5
Let a(f) = 12*f**2 - 7*f + 10. Let u(n) = 7*n**2 - 3*n + 4. Let c(k) = 2*a(k) - 5*u(k). Give c(-1).
-12
Let t(f) = -9 + 6*f**2 - 9*f - 13*f**2 + 6*f**2. Let z be t(-8). Let x(c) = 8*c - 1. Calculate x(z).
-9
Let g(d) = 3*d - 22. Suppose 4*y - 3 = 9, n - 22 = -5*y. Give g(n).
-1
Let h(s) = -498*s - 5*s**2 + 492*s + 0*s**3 + s**3. Let t(v) = -v + 1. Let q be t(-5). What is h(q)?
0
Let d be (-10)/45 - (-690)/(-54). Let h(g) = -g**2 - 12*g - 4. What is h(d)?
-17
Let c = 6 - -1. Let h(g) = -7*g**2 + 16*g - 11. Let b(n) = 4*n**2 - 8*n + 6. Let w(f) = -5*b(f) - 3*h(f). Calculate w(c).
-4
Suppose 6*x - x - 6 = -3*m, -6 = -3*m + 5*x. Let s(b) = -b**3 + b**2 + 3*b - 3. Give s(m).
-1
Let c = 46 - 41. Let v(j) = 1 + 1 + 4*j**2 - c*j**2 - 5 - 4*j. What is v(-6)?
-15
Let p(a) = a. Let g(j) = j**2 + 5*j + 3. Let l = 38 + -35. Let i(m) = l*p(m) + g(m). Give i(-7).
-4
Suppose -2*c - 99 = -5*y, 4*c - 81 = -3*y - 6. Suppose -5*x - 16 + y = 0. Let u(h) be the first derivative of 2*h**3/3 - h + 2. Determine u(x).
1
Let l(v) = -v**3 + 5*v**2 + 6*v - 6. Let o = -1628 - -1634. Calculate l(o).
-6
Let p be 14/(-3) - (-2)/(-6). Let d(u) = 3*u - 134*u**3 - 95*u**3 - u**2 + 228*u**3 - 3*u**2 + 2. Give d(p).
12
Let s(i) = i**2 - 9*i + 7. Let l(u) = u**3 - 10*u**2 + 26*u - 4. Let z be l(6). Give s(z).
-1
Let n(s) = -s + 12. Suppose -952*m + 36 = -943*m. What is n(m)?
8
Let r(o) = -5*o**2 + 211*o**3 - 212*o**3 + 13*o - 20 - 14*o. What is r(-5)?
-15
Suppose -f - 5*f = 144. Let s be (-2)/(-3) + 16/f. Let v(j) = -j + 6. Let x(k) = 3*k - 13. Let z(d) = 5*v(d) + 2*x(d). Determine z(s).
4
Let g = 24 + -17. Let k(m) = 13*m**3 + 7*m**2 - 7*m + 3. Let h(s) = 4*s**3 + 2*s**2 - 2*s + 1. Let d(w) = g*h(w) - 2*k(w). Calculate d(-1).
-1
Let f(h) be the third derivative of -1/120*h**5 + 0 + 0*h + 3*h**2 - 1/360*h**6 + 0*h**3 - 1/12*h**4. Let g(q) be the second derivative of f(q). What is g(-2)?
3
Let j(r) = -r**3 + 3*r**2 - 2*r - 2. Suppose 0 = 4*g + 3*d + 3, -2*g - 3*d - 3 = 0. Suppose g*c = 5*c. Suppose c*s = -s + 2. What is j(s)?
-2
Let q(v) = 14 - 13*v + 15 - 50 + 3*v + 20. Calculate q(2).
-21
Let k(g) = -51*g + g**3 - g**2 + g**2 - 52*g - 4 + 108*g. Determine k(3).
38
Let i(g) = 2*g - 6. Let x(a) = a**3 - 9*a**2 + 8*a + 2. Let r be x(8). Suppose 0*z + 10 = v - 2*z, 0 = v + 4*z + r. Give i(v).
6
Let k(a) = -a**2 + 6*a + 5. Suppose -45 = -3*l - 3*c, l - 5*c = 8 + 7. Suppose -y - 10 = -3*p, -l = p - 4*y - 0. What is k(p)?
10
Suppose 34*x - 21*x = 156. Let r(h) = -21 + 27 - 2*h - x. Determine r(-6).
6
Let k(a) = -17*a - 21. Let y(f) = 14 - 2*f + 12*f + 2*f. Let z(b) = 5*k(b) + 7*y(b). Calculate z(-9).
2
Let u(w) = w**2 - 6*w + 3. Suppose 5*t - 34 + 4 = 0. Suppose -t + 14 = 2*x. Calculate u(x).
-5
Let h = 8 - 1. Suppose -2*d = -5*j + 28, j - 10 = -h*d + 3*d. Suppose -x = -j*x - 5. Let r(q) = 8*q**3 + q**2 - 1. Give r(x).
-8
Let v = -247 + 240. Let x(o) = o**2 + 11*o + 12. Determine x(v).
-16
Let p(z) = 2*z. Let h(x) = -x + 1. Let a(n) = -h(n) - p(n). Give a(2).
-3
Suppose 5*p + 8 = -2*v, 7*v - 3*p = 3*v - 16. Let z(k) be the first derivative of k**4/4 + 2*k**3/3 - 3*k**2 - k + 3. Give z(v).
-9
Let m(q) = q + 5. Suppose y + 11*y + 1140 = 0. Let k = y - -99. Determine m(k).
9
Suppose -l + 8 = 4*p + l, -2*l = 3*p - 5. Let k(j) be the third derivative of j**5/60 - j**3/2 + 45*j**2. Give k(p).
6
Let z be (-1)/(3*(-2)/(-6)). Let l = z - 1. Let g(p) = -6*p**3 + 8*p**3 - 3*p**3 + 2*p**3 + p + 3*p